actor of 22 and b?
22
Let w(n) = -n + 1. Let h be w(-4). Suppose -12 = h*b - 7*b. Let r = b + 7. Calculate the greatest common divisor of 104 and r.
13
Suppose -x - 16 = -q, -5*q - 2*x = -156 + 41. Let d be (-348)/(-108) + (-4)/18. What is the highest common factor of q and d?
3
Let o = -35 + 130. Suppose -o = -7*z + 17. Calculate the highest common factor of 12 and z.
4
Suppose 5*r - 39 = 31. Suppose 9 = 5*b - 1. Suppose 0 = b*a + 2*a - 4*h - 612, -4 = -4*h. What is the highest common divisor of r and a?
14
Let t(j) = -13*j**3 + j. Let h be t(-1). Suppose 0 = 9*q - 7*q + h. Let a = q - -19. Calculate the highest common divisor of a and 13.
13
Let p(j) = j + 4. Let f be p(-4). Let k be (13 - 10) + 1 + f. Calculate the greatest common divisor of 10 and k.
2
Suppose -3*p - 9 = -39. What is the highest common factor of p and 500?
10
Let c be -1 - (1 - 1) - -301. Suppose 3*n = 4*o - 205, 3*n = -5*o - 2*n + c. Let g be ((-165)/(-45))/(1/3 - 0). Calculate the highest common factor of o and g.
11
Let o(z) = -3*z**3 - 4*z**2 + 4*z - 8. Let u be o(-3). Suppose -m + 2*s = -221, s = -2*m - 2*s + 456. Calculate the greatest common divisor of u and m.
25
Let h(n) = -n**3 + n**2 + 5. Let f be h(0). Let j be (3 - f)*13/(-2). Suppose 45 = 2*z + j. Calculate the highest common factor of 16 and z.
16
Suppose 50*z = 86*z - 55080. Calculate the highest common factor of z and 45.
45
Suppose -4*l = -0*l + 4. Let p be (l - 0)/((-1)/4). Suppose -p*s = -25 - 95. Calculate the greatest common divisor of 10 and s.
10
Let z(c) = c**3 + 20*c**2 + 6. Let i be z(-20). Let g = 96 + i. What is the greatest common divisor of g and 34?
34
Let v(x) = x + 13. Let k be v(-5). Suppose -3*p - k = -23. What is the highest common factor of 35 and p?
5
Let r(i) = 2*i - 3 - 1 + i. Let c be r(3). Let m = -475 + 476. What is the highest common divisor of c and m?
1
Suppose 3*q + 2*q = -3*g + 6, 0 = -2*q + 4*g + 18. Let z(h) = -2*h + 11. Let s be z(q). Calculate the greatest common divisor of s and 55.
5
Suppose -2*i + 2 = 3*o - 2, 3*i - 6 = -4*o. Suppose p - a - 61 = -0*a, -2*a + 110 = i*p. Let g = p + -36. Calculate the highest common divisor of g and 33.
11
Let r(b) be the second derivative of 2*b**3/3 + 2*b**2 - 4*b. Let x be r(1). Calculate the greatest common factor of 1 and x.
1
Let j = 1663 - 1655. Let q = -7 + 79. What is the greatest common factor of q and j?
8
Suppose 0 = 4*i + 5*c - 124, 0 = -2*i + 3*c + c + 62. Let o = 13 + i. Calculate the highest common divisor of 110 and o.
22
Let t = 5 + -5. Let f(h) = -h**3 - h**2 + h + 3. Let j be f(t). Let a be (-8)/24 - (-55)/j. Calculate the highest common divisor of a and 6.
6
Let b = -1 + 205. Calculate the greatest common factor of b and 48.
12
Let t = -14 - -21. Let o = t + -13. Let f = o + 45. What is the greatest common divisor of 13 and f?
13
Suppose -4*v = 2*v - 2172. Suppose 0 = -3*n - m + v, n = -3*m + 79 + 47. Calculate the greatest common factor of 15 and n.
15
Let j be -2 + (-1628)/(-55)*5/2. What is the greatest common factor of 156 and j?
12
Let y = -15 + 26. Let h(z) = -10 - 21 - 17*z + 4*z. Let n be h(-10). What is the greatest common factor of n and y?
11
Let i(r) = 127*r**3 + 3*r**2 - 3*r + 2. Let g be i(1). Calculate the highest common factor of 172 and g.
43
Let s be (-4)/3*270/(-12). Let i(z) = 2*z**2 - 7*z - 6. Let f be i(6). Suppose 4*p - 324 + f = 0. Calculate the highest common factor of s and p.
15
Suppose -24 = -3*x + 6. Suppose 3*k - 494 = x. What is the highest common divisor of k and 21?
21
Suppose -3*r = 4*m - 2 - 3, 0 = 3*m - r - 7. Let v be m/8 - 225/(-60). Suppose v*x - x = 24. Calculate the highest common factor of 24 and x.
8
Let o be 0 + -4 + (27 - 2). Suppose 0 = 27*m - o*m - 108. Calculate the highest common divisor of m and 2.
2
Let t(q) = q**3 + 0 - 2*q**3 - 4 + q - q**2 + 7*q**2. Let k be t(6). Suppose 5*c = k + 3. Calculate the greatest common factor of 11 and c.
1
Suppose -60*f = -55*f + 4*n - 3995, 815 = f + 4*n. What is the greatest common factor of 75 and f?
15
Let p be (-1)/(-3 - 2920/(-975)). What is the highest common divisor of p and 468?
39
Suppose -u = -0*u + 4*v - 450, -3*u + 1374 = 4*v. Calculate the highest common factor of 6 and u.
6
Let m(k) = 3*k + 36. Let j be m(-6). Let v be (-1368)/(-30) + ((-6)/10)/1. What is the highest common factor of v and j?
9
Let j(a) = a**2 + 2*a + 26. Let b be j(0). Suppose 3*g - 20 = -2*g + 5*l, -l + b = 5*g. What is the greatest common factor of g and 35?
5
Let r be (0 - -1)*1 - -23. Suppose 0 = 196*y - 181*y - 90. What is the greatest common divisor of y and r?
6
Let f = -14355 - -14589. Let x = 38 - 12. What is the greatest common factor of x and f?
26
Let m = -122 + 127. Suppose -2 = -n, -4*n = 3*b - m*b + 20. What is the highest common factor of b and 49?
7
Suppose 34 = -0*y - y. Let g = y - -60. Let h = 330 + -291. What is the greatest common divisor of g and h?
13
Suppose 7*k - 2*k = -4*l + 1466, 5*l = -5*k + 1470. Calculate the greatest common divisor of k and 60.
10
Suppose 22 = -3*x - 5*n, 0 = -25*x + 26*x - 5*n - 26. What is the highest common factor of x and 29?
1
Let u be -2 + (-35)/(-5) + -2 + 8. Let z(m) = m**3 - 8*m**2 - 11*m + 9. Let l be z(10). What is the highest common factor of u and l?
11
Suppose 4*w = 18 + 110. Let r = w - 24. Calculate the greatest common factor of 8 and r.
8
Suppose 229*v + 48 = 237*v. Calculate the highest common divisor of 51 and v.
3
Suppose 2*d = -32*l + 35*l + 1082, 4*l = -5*d + 2728. What is the greatest common factor of 952 and d?
136
Let j(y) = -15*y + 298. Let a be j(11). Calculate the greatest common divisor of a and 7.
7
Let r be (-4)/(-8) - (-214)/4. Suppose -2*x = -0*x + 2*g - r, 0 = -4*g + 8. What is the highest common divisor of 175 and x?
25
Let a be 3 - (3 + 1) - -5. Suppose 0 = -a*v - 5*c + 535, 131 = v + 8*c - 4*c. Let q(k) = -15*k. Let i be q(-1). Calculate the highest common divisor of v and i.
15
Let z be (-830)/(-13) + 2/13. Suppose 3*u = 11*u - 64. Calculate the greatest common divisor of z and u.
8
Suppose 3*r = -l + 108, 3*l - r = -2*r + 356. Suppose 9*a - 240 = l. Suppose -5 - 5 = -2*x. What is the greatest common factor of a and x?
5
Suppose 3*x - 100 = -4*i, 2*i + 8*x = 9*x + 50. Calculate the highest common divisor of i and 100.
25
Suppose 4*u - 184 = 6*u. Let k = u + 113. What is the highest common divisor of 21 and k?
21
Let z(l) = -9*l. Let m be z(5). Let a be (m/(-4))/5*8. Let w = a - -2. What is the greatest common divisor of w and 30?
10
Let j(a) = -65*a - 379. Let l be j(-7). What is the highest common factor of 684 and l?
76
Suppose n - 121 = -3*t, 0*t + 176 = 4*t + 5*n. Let y = t - 20. Let l = 511 - 359. Calculate the highest common divisor of l and y.
19
Let n = -5 - -19. Suppose 3*o = -52 - n. Let x = o - -62. Calculate the greatest common divisor of x and 10.
10
Let z(p) = -p**2 + 39*p - 153. Let v be z(23). Calculate the highest common factor of v and 344.
43
Let v be ((-10)/2 - 5)/(-1). What is the highest common divisor of v and 65?
5
Let m be 24*(-1 - 9/(-6)). Calculate the greatest common factor of 21 and m.
3
Let m be 2*-1*-6*(-4)/(-16). Suppose 7*p = -m*p + 520. What is the greatest common factor of 13 and p?
13
Suppose 0 = i - 3, -2*i + 149 = 4*o + i. What is the greatest common factor of 15 and o?
5
Let u be (660/99)/((-4)/(-42)). What is the highest common factor of 245 and u?
35
Let p be 5 + 1 - 1/(-1). Let b be 10/5 + -2 - 57. Let t = b - -64. Calculate the highest common factor of p and t.
7
Let z(i) = -93*i. Let c be z(-5). What is the highest common divisor of 15 and c?
15
Let u be 21/(-14)*308/(-21). Let f(l) = -l**3 + 10*l**2 - 4*l - 3. Let o be f(4). What is the highest common divisor of o and u?
11
Suppose h - 4*i = -h + 512, -750 = -3*h - 3*i. What is the greatest common factor of 42 and h?
42
Suppose -z = -0*z - 2. Let w = 7 + z. What is the highest common divisor of w and 9?
9
Suppose 2875 = 5*m + 3*d, -4*d = -m - 230 + 805. What is the highest common factor of 25 and m?
25
Let w(s) = 3*s**2 - s. Let p be w(-1). Suppose -b - 2*h = -p*h + 6, 2*b - 33 = -5*h. What is the greatest common factor of 4 and b?
4
Let t(n) = -2*n**2 + 16*n + 11. Let o be t(8). Let i be 2 + -1 + -2 + 5. Suppose 0 = i*x - 2 - 2. Calculate the greatest common factor